actors of 7144394.
2, 1291, 2767
List the prime factors of 23250083.
29, 863, 929
What are the prime factors of 47490?
2, 3, 5, 1583
List the prime factors of 5838601.
839, 6959
List the prime factors of 40481.
7, 5783
List the prime factors of 22997.
13, 29, 61
What are the prime factors of 4592336?
2, 7, 131, 313
List the prime factors of 694453.
37, 137
What are the prime factors of 1343911?
1343911
List the prime factors of 2929884.
2, 3, 244157
List the prime factors of 605347.
605347
List the prime factors of 310339.
23, 103, 131
List the prime factors of 240928.
2, 7529
What are the prime factors of 247346?
2, 11, 11243
What are the prime factors of 1402344?
2, 3, 19477
What are the prime factors of 1214890?
2, 5, 31, 3919
List the prime factors of 2485425.
3, 5, 31, 1069
What are the prime factors of 1258632?
2, 3, 5827
What are the prime factors of 840085?
5, 19, 37, 239
List the prime factors of 1765768.
2, 220721
List the prime factors of 3153261.
3, 109, 9643
List the prime factors of 427837.
29, 14753
List the prime factors of 154869.
3, 11, 13, 19
List the prime factors of 661629.
3, 220543
What are the prime factors of 4529445?
3, 5, 71, 4253
What are the prime factors of 70750?
2, 5, 283
What are the prime factors of 206053?
37, 5569
What are the prime factors of 9737795?
5, 1031, 1889
What are the prime factors of 16572?
2, 3, 1381
List the prime factors of 28434157.
73, 127, 3067
What are the prime factors of 432165?
3, 5, 47, 613
List the prime factors of 17198042.
2, 8599021
List the prime factors of 8064281.
1231, 6551
List the prime factors of 721522.
2, 367, 983
List the prime factors of 106009.
227, 467
List the prime factors of 20306039.
13, 277, 5639
What are the prime factors of 35037597?
3, 7, 29, 8219
List the prime factors of 110343.
3, 36781
List the prime factors of 353723.
19, 18617
List the prime factors of 665477.
31, 21467
List the prime factors of 70596.
2, 3, 37, 53
List the prime factors of 2369407.
1013, 2339
List the prime factors of 571008.
2, 3, 1487
What are the prime factors of 376465?
5, 17, 43, 103
List the prime factors of 5229322.
2, 7, 199, 1877
What are the prime factors of 2901547?
11, 19, 13883
What are the prime factors of 56515?
5, 89, 127
What are the prime factors of 690701?
11, 62791
List the prime factors of 3381197.
29, 116593
What are the prime factors of 2358216?
2, 3, 7, 4679
List the prime factors of 4048552.
2, 23, 22003
What are the prime factors of 2291706?
2, 3, 31, 37
What are the prime factors of 8142786?
2, 3, 452377
What are the prime factors of 4552755?
3, 5, 257, 1181
What are the prime factors of 288543?
3, 96181
List the prime factors of 4548.
2, 3, 379
List the prime factors of 680471.
11, 61861
What are the prime factors of 205294?
2, 102647
List the prime factors of 208700.
2, 5, 2087
List the prime factors of 33322.
2, 16661
What are the prime factors of 1714399?
17, 100847
What are the prime factors of 384933?
3, 128311
What are the prime factors of 3197973?
3, 139, 7669
List the prime factors of 12524647.
12524647
What are the prime factors of 10144917?
3, 19, 41, 1447
What are the prime factors of 13023576?
2, 3, 180883
What are the prime factors of 2994277?
11, 13, 20939
What are the prime factors of 2467025?
5, 11, 8971
What are the prime factors of 624971?
17, 97, 379
What are the prime factors of 326810?
2, 5, 11, 2971
What are the prime factors of 8093288?
2, 7, 43, 3361
What are the prime factors of 1084443?
3, 361481
What are the prime factors of 6931037?
547, 12671
What are the prime factors of 1859319?
3, 7, 11, 2683
What are the prime factors of 10319321?
257, 40153
List the prime factors of 9988730.
2, 5, 631, 1583
List the prime factors of 571469.
89, 6421
What are the prime factors of 405358?
2, 202679
What are the prime factors of 18406286?
2, 131, 163, 431
What are the prime factors of 131774?
2, 41, 1607
What are the prime factors of 292959?
3, 43, 757
List the prime factors of 9688989.
3, 3229663
What are the prime factors of 1433833?
1433833
List the prime factors of 4265452.
2, 499, 2137
What are the prime factors of 438162?
2, 3, 103, 709
List the prime factors of 8508199.
7, 1215457
What are the prime factors of 835288?
2, 263, 397
What are the prime factors of 6504795?
3, 5, 11, 17, 773
List the prime factors of 6960027.
3, 31, 67, 1117
What are the prime factors of 2260983?
3, 17, 43, 1031
List the prime factors of 28929.
3, 9643
What are the prime factors of 256016?
2, 16001
What are the prime factors of 17699?
11, 1609
What are the prime factors of 333031?
333031
What are the prime factors of 8579118?
2, 3, 17, 241, 349
What are the prime factors of 141331?
79, 1789
What are the prime factors of 182954?
2, 17, 5381
List the prime factors of 5136368.
2, 89, 3607
List the prime factors of 1248947.
7, 67, 2663
What are the prime factors of 2530712?
2, 316339
List the prime factors of 3083169.
3, 53, 19391
List the prime factors of 10928519.
7, 23, 9697
List the prime factors of 1750245.
3, 5, 7, 79, 211
What are the prime factors of 4207864?
2, 525983
What are the prime factors of 2663593?
37, 193, 373
What are the prime factors of 272801?
37, 73, 101
What are the prime factors of 389861?
17, 19, 71
What are the prime factors of 149007?
3, 49669
What are the prime factors of 29179023?
3, 761, 12781
List the prime factors of 3479443.
11, 37, 83, 103
What are the prime factors of 1176385?
5, 7, 19, 29, 61
List the prime factors of 361296.
2, 3, 13, 193
What are the prime factors of 1492350?
2, 3, 5, 9949
What are the prime factors of 2375311?
419, 5669
What are the prime factors of 493522?
2, 29, 67, 127
List the prime factors of 787175.
5, 23, 37
List the prime factors of 206390.
2, 5, 20639
List the prime factors of 1954384.
2, 122149
List the prime factors of 2803890.
2, 3, 5, 93463
What are the prime factors of 665788?
2, 17, 9791
What are the prime factors of 332168?
2, 41521
List the prime factors of 102883.
11, 47, 199
What are the prime factors of 544345?
5, 108869
List the prime factors of 6985129.
41, 170369
What are the prime factors of 427158?
2, 3, 19, 1249
List the prime factors of 26969595.
3, 5, 41, 43853
List the prime factors of 4793665.
5, 83, 11551
What are the prime factors of 1585918?
2, 792959
List the prime factors of 266340.
2, 3, 5, 23, 193
List the prime factors of 15972428.
2, 3993107
What are the prime factors of 13891482?
2, 3, 11, 17, 4127
List the prime factors of 157912.
2, 19739
What are the prime factors of 241421?
241421
What are the prime factors of 31380?
2, 3, 5, 523
What are the prime factors of 1025808?
2, 3, 7, 43, 71
What are the prime factors of 1785569?
31, 239, 241
What are the prime factors of 175025?
5, 7001
What are the prime factors of 27827314?
2, 71, 195967
List the prime factors of 18864887.
18864887
List the prime factors of 257304.
2, 3, 71, 151
What are the prime factors of 8397043?
67, 125329
What are the prime factors of 346038?
2, 3, 7, 11, 107
What are the prime factors of 3962535?
3, 5, 264169
List the prime factors of 467359.
41, 11399
What are the prime factors of 19240438?
2, 7, 196331
List the prime factors of 2588349.
3, 862783
What are the prime factors of 303941?
11, 27631
List the prime factors of 1542662.
2, 11, 70121
List the prime factors of 2752750.
2, 5, 7, 11, 13
What are the prime factors of 89478?
2, 3, 1657
List the prime factors of 778588.
2, 194647
List the prime factors of 88122.
2, 3, 19, 773
What are the prime factors of 2867913?
3, 106219
What are the prime factors of 3136839?
3, 467, 2239
List the prime factors of 443357.
127, 3491
List the prime factors of 35790571.
35790571
What are the prime factors of 429651?
3, 15913
List the prime factors of 484357.
23, 21059
What are the prime factors of 11579733?
3, 11, 127, 307
List the prime factors of 4213703.
13, 324131
What are the prime factors of 497030?
2, 5, 23, 2161
What are the prime factors of 8426588?
2, 29, 72643
List the prime factors of 413908.
2, 11, 23, 409
What are the prime factors of 7146470?
2, 5, 19, 29, 1297
List the prime factors of 141608.
2, 31, 571
What are the prime factors of 4620087?
3, 599, 857
List the prime factors of 34932267.
3, 3881363
What are the prime factors of 1906740?
2,